94?
890
Calculate the remainder when 1093 is divided by 149.
50
What is the remainder when 12796 is divided by 1620?
1456
Calculate the remainder when 11452 is divided by 171.
166
Calculate the remainder when 18296 is divided by 30.
26
Calculate the remainder when 52807 is divided by 1556.
1459
Calculate the remainder when 6106 is divided by 507.
22
What is the remainder when 298459 is divided by 399?
7
What is the remainder when 3284 is divided by 801?
80
What is the remainder when 2271 is divided by 175?
171
What is the remainder when 2873 is divided by 509?
328
What is the remainder when 1748 is divided by 7?
5
Calculate the remainder when 299 is divided by 40.
19
What is the remainder when 13235 is divided by 2202?
23
What is the remainder when 5864 is divided by 941?
218
What is the remainder when 3756 is divided by 618?
48
Calculate the remainder when 65623 is divided by 125.
123
Calculate the remainder when 3768 is divided by 124.
48
What is the remainder when 16847 is divided by 16828?
19
What is the remainder when 70614 is divided by 52?
50
What is the remainder when 242680 is divided by 36?
4
Calculate the remainder when 8556 is divided by 369.
69
What is the remainder when 26814 is divided by 301?
25
Calculate the remainder when 3234 is divided by 397.
58
Calculate the remainder when 3612 is divided by 511.
35
Calculate the remainder when 56774 is divided by 105.
74
What is the remainder when 538 is divided by 231?
76
Calculate the remainder when 53785 is divided by 68.
65
What is the remainder when 1524 is divided by 1424?
100
Calculate the remainder when 6363 is divided by 187.
5
Calculate the remainder when 16035 is divided by 411.
6
What is the remainder when 14948 is divided by 7463?
22
What is the remainder when 182629 is divided by 674?
649
What is the remainder when 70503 is divided by 18?
15
Calculate the remainder when 14808 is divided by 177.
117
Calculate the remainder when 648878 is divided by 10.
8
Calculate the remainder when 270618 is divided by 77.
40
Calculate the remainder when 10542 is divided by 39.
12
Calculate the remainder when 6349 is divided by 2102.
43
What is the remainder when 91368 is divided by 21?
18
What is the remainder when 75320 is divided by 26?
24
Calculate the remainder when 404152 is divided by 1047.
10
Calculate the remainder when 7296 is divided by 82.
80
What is the remainder when 570177 is divided by 78?
75
Calculate the remainder when 7854 is divided by 380.
254
Calculate the remainder when 2149 is divided by 356.
13
What is the remainder when 3216 is divided by 2667?
549
What is the remainder when 2684 is divided by 577?
376
Calculate the remainder when 3192 is divided by 160.
152
What is the remainder when 6932 is divided by 19?
16
What is the remainder when 1464595 is divided by 353?
351
Calculate the remainder when 5689 is divided by 356.
349
What is the remainder when 11186 is divided by 1284?
914
What is the remainder when 6022 is divided by 150?
22
What is the remainder when 185058 is divided by 190?
188
Calculate the remainder when 43967 is divided by 199.
187
Calculate the remainder when 32286 is divided by 49.
44
Calculate the remainder when 35821 is divided by 877.
741
What is the remainder when 34762 is divided by 355?
327
Calculate the remainder when 15954 is divided by 3111.
399
What is the remainder when 75525 is divided by 75515?
10
What is the remainder when 3194 is divided by 1509?
176
Calculate the remainder when 674703 is divided by 278.
275
What is the remainder when 75089 is divided by 61?
59
Calculate the remainder when 5630 is divided by 470.
460
What is the remainder when 22685 is divided by 5662?
37
What is the remainder when 328615 is divided by 12?
7
What is the remainder when 269104 is divided by 67270?
24
What is the remainder when 1461806 is divided by 299?
294
What is the remainder when 101880 is divided by 42?
30
What is the remainder when 8702 is divided by 32?
30
What is the remainder when 338893 is divided by 53?
11
Calculate the remainder when 3988 is divided by 71.
12
Calculate the remainder when 734 is divided by 19.
12
Calculate the remainder when 6231 is divided by 103.
51
Calculate the remainder when 877934 is divided by 4434.
2
What is the remainder when 11114 is divided by 427?
12
Calculate the remainder when 68439 is divided by 5243.
280
What is the remainder when 2308 is divided by 1426?
882
What is the remainder when 17314 is divided by 333?
331
Calculate the remainder when 9554 is divided by 16.
2
Calculate the remainder when 109751 is divided by 32.
23
What is the remainder when 60965 is divided by 4353?
23
Calculate the remainder when 4323 is divided by 36.
3
What is the remainder when 1185 is divided by 1106?
79
Calculate the remainder when 624088 is divided by 1572.
4
What is the remainder when 9095 is divided by 52?
47
Calculate the remainder when 1463398 is divided by 450.
448
Calculate the remainder when 68627 is divided by 22827.
146
Calculate the remainder when 4245 is divided by 4219.
26
Calculate the remainder when 10500 is divided by 2097.
15
Calculate the remainder when 13066 is divided by 6532.
2
What is the remainder when 1039975 is divided by 337?
330
What is the remainder when 513 is divided by 247?
19
Calculate the remainder when 14169 is divided by 13767.
402
Calculate the remainder when 16753 is divided by 1673.
23
What is the remainder when 2517 is divided by 80?
37
Calculate the remainder when 2788 is divided by 279.
277
Calculate the remainder when 18266 is divided by 1522.
2
Calculate the remainder when 42600 is divided by 14150.
150
What is the remainder when 62063 is divided by 125?
63
Calculate the remainder when 174365 is divided by 51.
47
Calculate the remainder when 5381 is divided by 414.
413
What is the remainder when 5263 is divided by 1874?
1515
Calculate the remainder when 9134 is divided by 829.
15
Calculate the remainder when 27747 is divided by 50.
47
Calculate the remainder when 32318 is divided by 3550.
368
What is the remainder when 17148 is divided by 659?
14
What is the remainder when 59308 is divided by 385?
18
Calculate the remainder when 9844 is divided by 2013.
1792
Calculate the remainder when 66545 is divided by 66504.
41
What is the remainder when 22003 is divided by 163?
161
Calculate the remainder when 4696 is divided by 97.
40
Calculate the remainder when 45297 is divided by 1104.
33
Calculate the remainder when 750 is divided by 352.
46
Calculate the remainder when 8248 is divided by 416.
344
What is the remainder when 26739 is divided by 55?
9
Calculate the remainder when 152765 is divided by 14.
11
What is the remainder when 1039381 is divided by 24?
13
Calculate the remainder when 179824 is divided by 86.
84
Calculate the remainder when 2727 is divided by 515.
152
Calculate the remainder when 1649357 is divided by 158.
153
What is the remainder when 4319 is divided by 16?
15
What is the remainder when 41488 is divided by 37?
11
What is the remainder when 1672 is divided by 153?
142
Calculate the remainder when 2686 is divided by 1585.
1101
What is the remainder when 1846892 is divided by 19?
16
What is the remainder when 11618 is divided by 2901?
14
What is the remainder when 5601 is divided by 933?
3
What is the remainder when 210215 is divided by 92?
87
What is the remainder when 17820 is divided by 247?
36
Calculate the remainder when 9724 is divided by 251.
186
What is the remainder when 143979 is divided by 27?
15
Calculate the remainder when 78297 is divided by 108.
105
What is the remainder when 170469 is divided by 63?
54
Calculate the remainder when 6861 is divided by 6850.
11
Calculate the remainder when 216990 is divided by 39.
33
What is the remainder when 24266 is divided by 261?
254
Calculate the remainder when 1748 is divided by 67.
6
Calculate the remainder when 83745 is divided by 20832.
417
What is the remainder when 31086 is divided by 116?
114
What is the remainder when 1361 is divided by 1335?
26
What is the remainder when 38704 is divided by 119?
29
What is the remainder when 135042 is divided by 135024?
18
Calculate the remainder when 170013 is divided by 368.
365
What is the remainder when 258 is divided by 184?
74
What is the remainder when 76029 is divide